4 and x?
16
Let d be (0 - -1)/(1/3). Suppose 5*x = -d*b + 19 + 24, -5*b + 5*x + 85 = 0. Suppose -1623*y + 1616*y + 336 = 0. What is the greatest common divisor of b and y?
16
Let a(j) = -j + 6. Let d be a(6). Let o be (-22)/2*-1 - d. Calculate the greatest common factor of o and 11.
11
Let f(p) = p + 4. Let n be f(-4). Suppose n = 6*d - d + 100. Let u be ((-4)/8)/(1/d). What is the greatest common factor of u and 20?
10
Let w be ((-1)/(-2))/((-3)/(-96)). Let l be (-100)/(-28) - (-8)/(-14). Suppose -l*s + 5*s - 4 = 0. What is the greatest common divisor of w and s?
2
Suppose -6 = -5*r - 56. Let v = 22 + r. What is the highest common factor of v and 96?
12
Let f(n) = 0*n + 8*n**2 + 0*n - n. Let a be f(-1). Let k be 0 - (1 + -3 + (-12 - -13)). Calculate the greatest common divisor of a and k.
1
Let w = 143 + -113. Let f(t) = 0 - t**3 + 1 + 2*t**2 + 2*t - 8*t**3. Let s be f(-1). What is the greatest common factor of s and w?
10
Let s = 106 + -104. Let k = 7 + -5. Calculate the greatest common factor of s and k.
2
Let a be (24/(-5))/((-8)/140). Let d be a/10*(-90)/(-12). Let f = 66 + -24. Calculate the greatest common factor of f and d.
21
Let h(w) = w - 2. Let r be h(0). Let q = 13 - r. Let p = 27 - q. Calculate the highest common factor of 132 and p.
12
Suppose 2*q - 138 = -4*i, -5*i = q - 161 - 13. Calculate the highest common divisor of 105 and i.
35
Let a(b) = 193*b - 1. Let h be a(-1). Let o = -29 - h. What is the greatest common factor of 15 and o?
15
Suppose -1 = -b + 1. Suppose b = g + 4. Let u be (3/g)/(3/(-54)). What is the greatest common factor of 3 and u?
3
Let n = 3 - 3. Suppose n*t - t + 35 = 0. Let y(z) = -2*z - 3. Let v be y(-5). Calculate the highest common factor of v and t.
7
Let y be (-2)/4*2*-8. Let z = 462 - 454. What is the greatest common divisor of y and z?
8
Let z be 6/9*-1*9. Let f(o) = -o. Let v be f(z). Let b(u) = u**3 - 7*u**2 - 9*u + 10. Let m be b(8). Calculate the greatest common factor of m and v.
2
Suppose 3*z = 108 + 18. What is the highest common divisor of z and 63?
21
Let d(r) = 2*r**2 - 5*r + 4. Let z(i) = -i - 5. Let j be z(-8). Let s be d(j). What is the highest common factor of 77 and s?
7
Let m = -141 + 356. Suppose 2*f - 6*f + 4 = 0, 5*f = 4*b - m. Calculate the greatest common factor of b and 5.
5
Let f be (1/(-5) + -1)*-15. Suppose 5*s + 433 = -2*c, -4*s - 61 = -5*c + 259. Let o = 5 - s. Calculate the highest common factor of o and f.
18
Let v = 43 + -76. Let t = -14 - v. Suppose -4*i + 432 - 128 = 0. What is the greatest common divisor of t and i?
19
Let h = 1 + 25. Suppose 5*k - 348 = 302. Calculate the greatest common factor of k and h.
26
Let f(j) be the third derivative of -j**4/24 - j**3/6 + j**2. Let l be f(-7). Calculate the highest common divisor of l and 15.
3
Let k(y) = -y**3 - 12*y**2 - 11*y + 9. Let l be k(-11). What is the greatest common factor of 9 and l?
9
Suppose c = -3*c. Suppose c = -5*k + 41 + 39. Calculate the greatest common divisor of k and 40.
8
Suppose -q = -20*l + 16*l + 500, l = -3*q + 138. What is the highest common divisor of l and 36?
18
Suppose 3*v = i + 64, 2*v - 3*i - 112 = -3*v. Calculate the greatest common divisor of v and 50.
10
Let m = -16 - -25. Let g(t) = -t**2 - 3*t - 2. Let o be g(-2). Suppose o = 5*x + 55 - 235. Calculate the highest common factor of x and m.
9
Let a(z) = -14*z - 10. Let s be a(-4). Calculate the greatest common factor of 115 and s.
23
Let r be 19/(-1)*-1 + -1. Suppose l - 3*t = 8 + 25, -4*t = 4*l - 100. What is the highest common factor of l and r?
9
Let h be 3 - 0 - (-2 + 0 - 6). Calculate the highest common divisor of 88 and h.
11
Let f = -60 + 41. Let s be 3/(-3)*(-3 - 68). Let v = s + f. Calculate the highest common factor of v and 13.
13
Let x be (-3 - (-50)/15)*27. Calculate the highest common divisor of 63 and x.
9
Let m be 12/3*18/4. Suppose 5*f - 11 - m = 2*h, -2*f + 5*h + 20 = 0. Calculate the greatest common factor of 2 and f.
1
Let s be -6*((-63)/6)/1. Calculate the highest common factor of s and 9.
9
Let j(r) = -r**2 + 12*r + 15. Let h = -28 - -40. Let i be j(h). What is the highest common factor of i and 15?
15
Suppose -3*x + 20 + 37 = 3*o, -2*o = 10. Calculate the greatest common factor of 3 and x.
3
Let u be (-17)/3 - 6/(-9). Let z(n) = -n + 1. Let s be z(u). Suppose -4*a + 46 + 84 = 5*f, a + 35 = f. What is the greatest common divisor of f and s?
6
Let v(w) = -w. Let q be v(-5). Suppose 0 = -2*k + k + q. Calculate the greatest common divisor of k and 10.
5
Let t = 1 - 1. Suppose 5*j - 4*j - 6 = t. Let c(z) = 2*z**2 + 3*z + 3. Let u be c(-3). Calculate the greatest common factor of u and j.
6
Let b(o) = o + 5. Let r(m) = m + 5. Let h(f) = -4*b(f) + 5*r(f). Let w be h(4). Suppose 0 = p - 24 - 30. Calculate the greatest common divisor of w and p.
9
Suppose -i - 2*t + 207 = 21, -4*i + 708 = -4*t. What is the highest common factor of 20 and i?
20
Suppose -4*r - 66 = -18. Let a be r/8*8/(-3). Suppose -3*p - 5*w + 2 + 11 = 0, 0 = -a*p + w + 25. What is the highest common factor of p and 3?
3
Let i(q) = 4*q. Let c be i(1). Suppose -5*y + 3*u + 4 + 10 = 0, -3*y + 4 = -4*u. Calculate the greatest common factor of y and c.
4
Let n = 6 + -4. Suppose 4 = -h + n*h. Suppose 72 = h*o - 32. What is the highest common factor of 13 and o?
13
Suppose 498*s - 493*s - 135 = 0. Suppose z - 54 = -0*z. What is the highest common factor of z and s?
27
Let k be 0/(-1 - 0) - -15. Let u = k + -25. Let z = u - -22. What is the highest common factor of z and 12?
12
Let c = -1 - 6. Suppose 3*g + 18 = -33. Let z = c - g. Calculate the greatest common divisor of z and 4.
2
Let t be ((-20)/50)/(179/90 - 2). Calculate the highest common factor of 24 and t.
12
Suppose -13 = 5*k - 3. Let v = 14 - k. Calculate the greatest common factor of v and 48.
16
Let l(m) = -2*m - 6. Let q(c) = c - 10. Let w be q(-5). Let v be l(w). Calculate the greatest common divisor of v and 8.
8
Let l be (10/4)/(-5)*-2. Let p = 13 - l. What is the greatest common divisor of 84 and p?
12
Let f = -32 + 82. What is the highest common factor of 75 and f?
25
Let l(z) = 36*z - 75. Let r be l(5). What is the highest common divisor of r and 35?
35
Suppose 3*o = -2*u + 11, 0 = 4*u - o - 4*o - 33. Calculate the greatest common divisor of 7 and u.
7
Let b(a) = a - 2. Let k be b(18). Calculate the highest common factor of 16 and k.
16
Let s = -79 - -83. What is the highest common divisor of s and 44?
4
Suppose -7*s + 12*s = 20. Calculate the highest common factor of 16 and s.
4
Let x = -19 + 23. Suppose 8 = x*u - 20. Calculate the greatest common divisor of u and 49.
7
Suppose 4*q - 5*i + 10 = 0, 3*i + 0*i = 6. Let c = q + 4. What is the greatest common divisor of c and 28?
4
Let r = -31 + 45. Let j be 2/(-9) - 736/9. Let h = -47 - j. What is the highest common factor of h and r?
7
Suppose -2*c = -10, -6 = -2*r + 3*r - 2*c. Suppose 1 = -r*d - 11. Let q be ((-4)/6)/(d/72). Calculate the highest common divisor of q and 144.
16
Suppose 17*c - 14*c - 51 = 0. What is the highest common divisor of c and 51?
17
Let u = -233 - -46. Let x = -82 - u. What is the greatest common factor of x and 15?
15
Suppose -10 = 3*b - 2*b. Let j = b - -12. Calculate the highest common divisor of 14 and j.
2
Suppose -3*k = 4*w + 1, 4*w - 10 = -w. Let a be 78 + -3*2/k. Calculate the highest common factor of 16 and a.
16
Let f(w) = w**3 + 8*w**2 + 7*w + 10. Let x be f(-7). Let b = 19 - x. Suppose 3*r - 9 - b = 0. What is the greatest common divisor of 42 and r?
6
Suppose -3*b + 0 = 9. Let y be 8/((-8 - -2)/b). Let q be (-102)/(-12) - 2/y. What is the greatest common divisor of 56 and q?
8
Suppose -2*w - 17 = d - 143, -3*w = -3*d - 189. What is the greatest common factor of w and 18?
9
Suppose -1 = 5*c - 3*s - 9, 4*c - 5*s + 4 = 0. Let h be (-4)/(-6) - (-68)/6. Calculate the highest common divisor of c and h.
4
Let l(r) = 36*r**2. Suppose 6 - 3 = 3*j. Let u be l(j). What is the highest common divisor of 9 and u?
9
Let j be (-2 - -14) + (12 - 7). Calculate the greatest common divisor of j and 119.
17
Suppose 2*f - 82 = -4*n, -n = f - 9 - 34. Calculate the highest common divisor of 18 and f.
9
Let t be 4*4 - (-12)/(-6). Suppose -i + t = 2*b, -17 = 4*b + i - 41. Let p = -2 + b. Calculate the highest common factor of p and